ded by 42?
7
What is the remainder when 1774 is divided by 1756?
18
What is the remainder when 250 is divided by 119?
12
What is the remainder when 5576 is divided by 1827?
95
What is the remainder when 234 is divided by 19?
6
Calculate the remainder when 2390 is divided by 15.
5
Calculate the remainder when 400 is divided by 24.
16
Calculate the remainder when 192 is divided by 65.
62
Calculate the remainder when 565 is divided by 30.
25
Calculate the remainder when 26 is divided by 1.
0
Calculate the remainder when 9797 is divided by 46.
45
What is the remainder when 85 is divided by 10?
5
What is the remainder when 457 is divided by 29?
22
What is the remainder when 323 is divided by 34?
17
Calculate the remainder when 498 is divided by 126.
120
What is the remainder when 417 is divided by 366?
51
Calculate the remainder when 11728 is divided by 138.
136
Calculate the remainder when 203 is divided by 61.
20
What is the remainder when 162 is divided by 19?
10
Calculate the remainder when 141 is divided by 65.
11
What is the remainder when 96 is divided by 35?
26
What is the remainder when 1675 is divided by 826?
23
Calculate the remainder when 927 is divided by 62.
59
What is the remainder when 166 is divided by 8?
6
What is the remainder when 410 is divided by 162?
86
Calculate the remainder when 87 is divided by 33.
21
What is the remainder when 484 is divided by 5?
4
Calculate the remainder when 35 is divided by 13.
9
Calculate the remainder when 1825 is divided by 453.
13
What is the remainder when 1595 is divided by 226?
13
Calculate the remainder when 65 is divided by 11.
10
Calculate the remainder when 3293 is divided by 54.
53
Calculate the remainder when 2561 is divided by 17.
11
Calculate the remainder when 62 is divided by 11.
7
What is the remainder when 79 is divided by 41?
38
Calculate the remainder when 214 is divided by 36.
34
Calculate the remainder when 1318 is divided by 63.
58
Calculate the remainder when 55 is divided by 13.
3
What is the remainder when 883 is divided by 128?
115
What is the remainder when 264 is divided by 136?
128
Calculate the remainder when 22890 is divided by 118.
116
Calculate the remainder when 269 is divided by 18.
17
Calculate the remainder when 153 is divided by 16.
9
What is the remainder when 6461 is divided by 101?
98
Calculate the remainder when 234 is divided by 4.
2
Calculate the remainder when 394 is divided by 195.
4
What is the remainder when 147 is divided by 25?
22
Calculate the remainder when 14585 is divided by 286.
285
Calculate the remainder when 1122 is divided by 179.
48
Calculate the remainder when 1068 is divided by 508.
52
Calculate the remainder when 411 is divided by 132.
15
What is the remainder when 150 is divided by 75?
0
Calculate the remainder when 260 is divided by 239.
21
What is the remainder when 557 is divided by 14?
11
Calculate the remainder when 413 is divided by 52.
49
What is the remainder when 858 is divided by 20?
18
Calculate the remainder when 367 is divided by 10.
7
What is the remainder when 6184 is divided by 24?
16
What is the remainder when 1979 is divided by 11?
10
Calculate the remainder when 2058 is divided by 103.
101
Calculate the remainder when 137 is divided by 51.
35
What is the remainder when 2564 is divided by 508?
24
Calculate the remainder when 88 is divided by 54.
34
What is the remainder when 30 is divided by 3?
0
Calculate the remainder when 27 is divided by 9.
0
What is the remainder when 4071 is divided by 21?
18
What is the remainder when 211 is divided by 162?
49
What is the remainder when 172 is divided by 84?
4
What is the remainder when 306 is divided by 32?
18
Calculate the remainder when 941 is divided by 316.
309
Calculate the remainder when 145 is divided by 51.
43
What is the remainder when 82 is divided by 40?
2
Calculate the remainder when 1547 is divided by 36.
35
Calculate the remainder when 131 is divided by 104.
27
Calculate the remainder when 1176 is divided by 59.
55
Calculate the remainder when 273 is divided by 69.
66
What is the remainder when 6028 is divided by 90?
88
What is the remainder when 273 is divided by 40?
33
Calculate the remainder when 477 is divided by 40.
37
What is the remainder when 9315 is divided by 17?
16
Calculate the remainder when 233 is divided by 18.
17
Calculate the remainder when 228 is divided by 118.
110
What is the remainder when 371 is divided by 38?
29
What is the remainder when 1714 is divided by 43?
37
What is the remainder when 243 is divided by 41?
38
Calculate the remainder when 199 is divided by 47.
11
Calculate the remainder when 467 is divided by 77.
5
What is the remainder when 527 is divided by 24?
23
What is the remainder when 277 is divided by 44?
13
What is the remainder when 15646 is divided by 32?
30
What is the remainder when 114 is divided by 64?
50
Calculate the remainder when 573 is divided by 18.
15
What is the remainder when 193 is divided by 39?
37
What is the remainder when 448 is divided by 114?
106
What is the remainder when 113 is divided by 61?
52
Calculate the remainder when 253 is divided by 64.
61
Calculate the remainder when 18068 is divided by 12.
8
Calculate the remainder when 3439 is divided by 123.
118
What is the remainder when 537 is divided by 44?
9
Calculate the remainder when 27 is divided by 15.
12
What is the remainder when 368 is divided by 352?
16
Calculate the remainder when 152 is divided by 34.
16
What is the remainder when 1142 is divided by 223?
27
Calculate the remainder when 90 is divided by 18.
0
What is the remainder when 12873 is divided by 37?
34
What is the remainder when 285 is divided by 116?
53
What is the remainder when 972 is divided by 65?
62
Calculate the remainder when 134 is divided by 51.
32
What is the remainder when 88 is divided by 27?
7
What is the remainder when 743 is divided by 44?
39
What is the remainder when 740 is divided by 106?
104
What is the remainder when 24995 is divided by 29?
26
What is the remainder when 175 is divided by 28?
7
Calculate the remainder when 93 is divided by 14.
9
What is the remainder when 405 is divided by 103?
96
Calculate the remainder when 25 is divided by 15.
10
Calculate the remainder when 2374 is divided by 293.
30
Calculate the remainder when 2498 is divided by 49.
48
Calculate the remainder when 9314 is divided by 68.
66
What is the remainder when 979 is divided by 49?
48
What is the remainder when 327 is divided by 80?
7
What is the remainder when 62 is divided by 23?
16
Calculate the remainder when 2707 is divided by 2.
1
Calculate the remainder when 110 is divided by 14.
12
Calculate the remainder when 3994 is divided by 43.
38
What is the remainder when 447 is divided by 70?
27
Calculate the remainder when 539 is divided by 10.
9
What is the remainder when 3217 is divided by 161?
158
What is the remainder when 538 is divided by 54?
52
What is the remainder when 169 is divided by 19?
17
What is the remainder when 2519 is divided by 87?
83
Calculate the remainder when 130 is divided by 33.
31
What is the remainder when 139 is divided by 71?
68
What is the remainder when 1115 is divided by 16?
11
What is the remainder when 950 is divided by 80?
70
Calculate the remainder when 38 is divided by 22.
16
What is the remainder when 3868 is divided by 32?
28
Calculate the remainder when 3701 is divided by 71.
9
Calculate the remainder when 187 is divided by 63.
61
Calculate the remainder when 83 is divided by 17.
15
What is the remainder when 817 is divided by 63?
61
Calculate the remainder when 112 is divided by 39.
34
Calculate the remainder when 202 is divided by 35.
27
Calculate the remainder when 16243 is divided by 15.
13
Calculate the remainder when 52 is divided by 4.
0
Calculate the remainder when 115 is divided by 45.
25
Calculate the remainder when 457 is divided by 42.
37
What is the remainder when 48 is divided by 17?
14
What is the remainder when 29 is divided by 15?
14
Calculate the remainder when 12 is divided by 3.
0
Calculate the remainder when 16 is divided by 6.
4
Calculate the remainder when 46 is divided by 14.
4
Calculate the remainder when 671 is divided by 164.
15
What is the remainder when 12351 is divided by 174?
171
What is the remainder when 10